{"id":998,"date":"2019-05-07T21:09:31","date_gmt":"2019-05-07T19:09:31","guid":{"rendered":"https:\/\/sbdekoder.de\/?page_id=998"},"modified":"2019-05-07T21:16:34","modified_gmt":"2019-05-07T19:16:34","slug":"dekoder-bestellen","status":"publish","type":"page","link":"https:\/\/sbdekoder.de\/?page_id=998","title":{"rendered":"Dekoder bestellen"},"content":{"rendered":"\n<blockquote class=\"wp-block-quote is-layout-flow wp-block-quote-is-layout-flow\"><p>Ja ich will!<\/p><\/blockquote>\n\n\n\n<p>Klar! Will ja jeder und das ist auch menschlich verst\u00e4ndlich. Sehr h\u00e4ufig werde ich gefragt, wo man die Spa\u00dfbahndekoder kaufen kann. Auch wenn der Clickbait-Titel so etwas vermuten l\u00e4sst &#8211; hier nicht. Die schlechte Nachricht lautet: kann man eigentlich gar nicht.<\/p>\n\n\n\n<p>Die gute Nachricht: kann man irgendwie doch.  Die Spa\u00dfbahndekoder sind aber keine k\u00e4uflichen zu erwerbenden Elektronikbauteile, sondern ein Projekt aus dem aus Print, Funk und Fernsehen bekannten Spa\u00dfbahnforum. Viele Foristen beteiligen sich rege an der Entwicklung und  Verbesserung der verschiedenen Dekoder, R\u00fcckmelder und was da sonst noch alles kommen sollte. M\u00f6chte man jetzt ebenfalls dabei sein und seinen Beitrag leisten, kann man einfach mit uns in <a href=\"https:\/\/sbdekoder.de\/?page_id=152\">Kontakt <\/a>treten und ebenfalls Spa\u00df haben (also nicht, was ihr jetzt wieder denkt &#8211; alles rein platonisch).<\/p>\n\n\n\n<p>Aber nach wie vor verkaufen wir keine Dekoder, sondern bieten die M\u00f6glichkeit mitzubasteln.<\/p>\n","protected":false},"excerpt":{"rendered":"<p>Ja ich will! Klar! Will ja jeder und das ist auch menschlich verst\u00e4ndlich. Sehr h\u00e4ufig werde ich gefragt, wo man die Spa\u00dfbahndekoder kaufen kann. Auch wenn der Clickbait-Titel so etwas vermuten l\u00e4sst &#8211; hier nicht. Die schlechte Nachricht lautet: kann man eigentlich gar nicht. Die gute Nachricht: kann man irgendwie doch. Die Spa\u00dfbahndekoder sind aber [&hellip;]<\/p>\n","protected":false},"author":1,"featured_media":0,"parent":0,"menu_order":0,"comment_status":"closed","ping_status":"closed","template":"","meta":{"jetpack_post_was_ever_published":false,"footnotes":""},"class_list":["post-998","page","type-page","status-publish","hentry"],"jetpack_sharing_enabled":true,"jetpack_shortlink":"https:\/\/wp.me\/P8oh8H-g6","_links":{"self":[{"href":"https:\/\/sbdekoder.de\/index.php?rest_route=\/wp\/v2\/pages\/998","targetHints":{"allow":["GET"]}}],"collection":[{"href":"https:\/\/sbdekoder.de\/index.php?rest_route=\/wp\/v2\/pages"}],"about":[{"href":"https:\/\/sbdekoder.de\/index.php?rest_route=\/wp\/v2\/types\/page"}],"author":[{"embeddable":true,"href":"https:\/\/sbdekoder.de\/index.php?rest_route=\/wp\/v2\/users\/1"}],"replies":[{"embeddable":true,"href":"https:\/\/sbdekoder.de\/index.php?rest_route=%2Fwp%2Fv2%2Fcomments&post=998"}],"version-history":[{"count":2,"href":"https:\/\/sbdekoder.de\/index.php?rest_route=\/wp\/v2\/pages\/998\/revisions"}],"predecessor-version":[{"id":1002,"href":"https:\/\/sbdekoder.de\/index.php?rest_route=\/wp\/v2\/pages\/998\/revisions\/1002"}],"wp:attachment":[{"href":"https:\/\/sbdekoder.de\/index.php?rest_route=%2Fwp%2Fv2%2Fmedia&parent=998"}],"curies":[{"name":"wp","href":"https:\/\/api.w.org\/{rel}","templated":true}]}}