{"id":777,"date":"2018-02-16T23:34:51","date_gmt":"2018-02-16T22:34:51","guid":{"rendered":"http:\/\/sbdekoder.de\/?page_id=777"},"modified":"2018-02-16T23:58:20","modified_gmt":"2018-02-16T22:58:20","slug":"servodekoder-2","status":"publish","type":"page","link":"https:\/\/sbdekoder.de\/?page_id=777","title":{"rendered":"SVD"},"content":{"rendered":"<p><a href=\"https:\/\/i0.wp.com\/sbdekoder.de\/wp-content\/uploads\/2018\/01\/CDAA8BEB-48C7-47C1-8F28-A8DE8EEC69B5.png\"><img data-recalc-dims=\"1\" loading=\"lazy\" decoding=\"async\" class=\" wp-image-730 alignleft\" src=\"https:\/\/i0.wp.com\/sbdekoder.de\/wp-content\/uploads\/2018\/01\/CDAA8BEB-48C7-47C1-8F28-A8DE8EEC69B5.png?resize=157%2C121\" alt=\"\" width=\"157\" height=\"121\" srcset=\"https:\/\/i0.wp.com\/sbdekoder.de\/wp-content\/uploads\/2018\/01\/CDAA8BEB-48C7-47C1-8F28-A8DE8EEC69B5.png?w=822&amp;ssl=1 822w, https:\/\/i0.wp.com\/sbdekoder.de\/wp-content\/uploads\/2018\/01\/CDAA8BEB-48C7-47C1-8F28-A8DE8EEC69B5.png?resize=300%2C231&amp;ssl=1 300w, https:\/\/i0.wp.com\/sbdekoder.de\/wp-content\/uploads\/2018\/01\/CDAA8BEB-48C7-47C1-8F28-A8DE8EEC69B5.png?resize=768%2C590&amp;ssl=1 768w\" sizes=\"auto, (max-width: 157px) 100vw, 157px\" \/><\/a>Nat\u00fcrlich ist es charmant, wenn man wei\u00df, dass die Weichen seiner Modellbahn mit m\u00f6glichst hohen Str\u00f6men geschaltet werden und dabei dieses charakteristische Knallen von sich geben, wenn die Weichenzungen vom EPL Antrieb rumgerissen ins Schienenprofil einschlagen. Der Purist hat es aber gern leiser und subtiler.<\/p>\n<p><img data-recalc-dims=\"1\" loading=\"lazy\" decoding=\"async\" class=\" wp-image-782 alignright\" src=\"https:\/\/i0.wp.com\/sbdekoder.de\/wp-content\/uploads\/2018\/02\/IMG_7019-1024x767.jpg?resize=350%2C262\" alt=\"\" width=\"350\" height=\"262\" srcset=\"https:\/\/i0.wp.com\/sbdekoder.de\/wp-content\/uploads\/2018\/02\/IMG_7019.jpg?resize=1024%2C767&amp;ssl=1 1024w, https:\/\/i0.wp.com\/sbdekoder.de\/wp-content\/uploads\/2018\/02\/IMG_7019.jpg?resize=300%2C225&amp;ssl=1 300w, https:\/\/i0.wp.com\/sbdekoder.de\/wp-content\/uploads\/2018\/02\/IMG_7019.jpg?resize=768%2C575&amp;ssl=1 768w, https:\/\/i0.wp.com\/sbdekoder.de\/wp-content\/uploads\/2018\/02\/IMG_7019.jpg?w=1560&amp;ssl=1 1560w, https:\/\/i0.wp.com\/sbdekoder.de\/wp-content\/uploads\/2018\/02\/IMG_7019.jpg?w=2340&amp;ssl=1 2340w\" sizes=\"auto, (max-width: 350px) 100vw, 350px\" \/><\/p>\n<p>Was spricht also dagegen, seine Weichen mit einem Servoantrieb zu bewegen?Eigentlich nichts. Einzig und allein ein entsprechender Dekoder muss her, der die DCC-Digitalsignale im richtigen Moment zu einem PWM-Steuersignal f\u00fcr ein Servo macht. Und genau da kommt der SB Dekoder SVD ins Spiel. Wie immer formsch\u00f6n und elegant im Design.<\/p>\n<p>Aber wo k\u00e4men wir hin, wenn wir uns von derlei Oberfl\u00e4chlichkeit leiten lassen w\u00fcrden und vor lauter Verz\u00fcckung die inneren Leistungsmerkmale au\u00dfer acht lie\u00dfen? (hier lustige Antwort einf\u00fcgen, wenn sie mir einf\u00e4llt).<\/p>\n<p>Der SVD kann richtig was! &#8211; neben der eigentlichen F\u00e4higkeit einen Servo zu steuern (wenig bemerkenswert), besitzt der Servodekoder einen Step-Down Spannungswandler an Board, um die f\u00fcr das Servo erforderlichen 5V, mit m\u00f6glichst hohem Wirkungsgrad zur Verf\u00fcgung zu stellen. Au\u00dferdem kann \u00fcber einen zus\u00e4tzlich herausgef\u00fchrten Anschluss der Dekoder auch \u00fcber einen Schalter bedient werden. Nat\u00fcrlich ist auch wieder ein Anschluss f\u00fcr eine optoelektrische Trennung vorgesehen, um im Einzelfall die Digitalversorgung nicht zu belasten.<\/p>\n<p>Der Servoantrieb wird hingegen mit einer Aufl\u00f6sung von 1024 Schritten auf 180\u00b0 Verfahrensweg bewegt. Erreicht der Antrieb die Endlage, wird die Stromversorgung und das PWM-Signal abgeschaltet, um das Nachregeln des Motors zu verhindern (also es sei denn man m\u00f6chte das so &#8211; dann kann man auch die ganze Zeit Strom verschwenden)<\/p>\n<p>Was der Dekoder noch alles kann, wie man ihn zusammensetzt und warum die Asimov&#8217;schen Gesetze auch in diesem St\u00fcck Technik stets ber\u00fccksichtigt werden, erf\u00e4hrt man im <a href=\"http:\/\/sbdekoder.de\/?yada_wiki=toc\">Wiki<\/a><\/p>\n","protected":false},"excerpt":{"rendered":"<p>Nat\u00fcrlich ist es charmant, wenn man wei\u00df, dass die Weichen seiner Modellbahn mit m\u00f6glichst hohen Str\u00f6men geschaltet werden und dabei dieses charakteristische Knallen von sich geben, wenn die Weichenzungen vom EPL Antrieb rumgerissen ins Schienenprofil einschlagen. Der Purist hat es aber gern leiser und subtiler. Was spricht also dagegen, seine Weichen mit einem Servoantrieb zu [&hellip;]<\/p>\n","protected":false},"author":1,"featured_media":730,"parent":0,"menu_order":0,"comment_status":"closed","ping_status":"closed","template":"","meta":{"jetpack_post_was_ever_published":false,"footnotes":""},"class_list":["post-777","page","type-page","status-publish","has-post-thumbnail","hentry"],"jetpack_sharing_enabled":true,"jetpack_shortlink":"https:\/\/wp.me\/P8oh8H-cx","_links":{"self":[{"href":"https:\/\/sbdekoder.de\/index.php?rest_route=\/wp\/v2\/pages\/777","targetHints":{"allow":["GET"]}}],"collection":[{"href":"https:\/\/sbdekoder.de\/index.php?rest_route=\/wp\/v2\/pages"}],"about":[{"href":"https:\/\/sbdekoder.de\/index.php?rest_route=\/wp\/v2\/types\/page"}],"author":[{"embeddable":true,"href":"https:\/\/sbdekoder.de\/index.php?rest_route=\/wp\/v2\/users\/1"}],"replies":[{"embeddable":true,"href":"https:\/\/sbdekoder.de\/index.php?rest_route=%2Fwp%2Fv2%2Fcomments&post=777"}],"version-history":[{"count":4,"href":"https:\/\/sbdekoder.de\/index.php?rest_route=\/wp\/v2\/pages\/777\/revisions"}],"predecessor-version":[{"id":786,"href":"https:\/\/sbdekoder.de\/index.php?rest_route=\/wp\/v2\/pages\/777\/revisions\/786"}],"wp:featuredmedia":[{"embeddable":true,"href":"https:\/\/sbdekoder.de\/index.php?rest_route=\/wp\/v2\/media\/730"}],"wp:attachment":[{"href":"https:\/\/sbdekoder.de\/index.php?rest_route=%2Fwp%2Fv2%2Fmedia&parent=777"}],"curies":[{"name":"wp","href":"https:\/\/api.w.org\/{rel}","templated":true}]}}