{"id":146,"date":"2016-06-05T13:22:43","date_gmt":"2016-06-05T11:22:43","guid":{"rendered":"http:\/\/www.fenstermoeblierung.de\/wordpress\/sbdekoder\/?page_id=146"},"modified":"2016-06-05T13:22:43","modified_gmt":"2016-06-05T11:22:43","slug":"ueber-mich-und-die-welt","status":"publish","type":"page","link":"https:\/\/sbdekoder.de\/?page_id=146","title":{"rendered":"\u00dcber uns und die Welt"},"content":{"rendered":"<p>Ha, jetzt hab ich euch! &#8211; Ihr erwartet hier jetzt bestimmt irgendwelche bedeutungsgeschw\u00e4ngerten Ausf\u00fchrungen zum Haftungsausschluss und verschiedene hilfreiche sowie gleichsam unterhaltsame Gesetzestexte. Aber Wozu? Um genau das zu schreiben, was Ihr sowieso schon wisst? Dass ich nichts f\u00fcr meine Links auf andere Seiten kann und das meine Dekoder alle frei erfunden sind und mit keiner real existierenden Person \u00fcbereinstimmen? &#8211; Also alles \u00fcberfl\u00fcssig.<\/p>\n<h2>So ein Dekoder baut sich ja nicht von allein.<\/h2>\n<p>Die Spa\u00dfbahndekoder (aus dem Spa\u00dfbahnforum) sind nichtnur die wahrscheinlich sch\u00f6nsten Dekoder die es \u00a0gibt, sondern sie haben auch eine lange Tradition (also schon fast 4 Jahre). Damals fing alles ganz bescheiden an, mit einer Beleuchtung f\u00fcr Personenwagen. Da Bescheidenheit noch niemandem wirklich geholfen hat (oder man h\u00f6rt sonst nichts davon), konnten diese Wagenbeleuchtungsdekoder nicht nur das Licht wie Leuchtstoffr\u00f6hren flackern lassen (denn das konnten andere Dekoder auch schon), sonder auch das WC beleuchten und so einen Eindruck vermitteln, wie der Speiseplan im Boardrestaurant ausf\u00e4llt. &#8211; Toll!<\/p>\n<p>Neben vielen anderen putzigen Ideen, entstanden irgendwann 8fach Weichendekoder, die nach wie vor Ihresgleichen suchen. Wieder Opensource und wieder als Gemeinschaftsprojekt. Teile wurden gemeinsam bestellt und bei Chilli con Carne oder Bratwurst zu reiner Magie verwandelt (oder Elektroschrott).<\/p>\n<hr \/>\n<blockquote><p>&#8222;Ein kleiner Tritt auf die Bremse f\u00fcr mich, ein gro\u00dfer Schritt f\u00fcr die Anderen&#8220;<\/p><\/blockquote>\n<p style=\"text-align: right;\"><em>G\u00fcnther (48, Busfahrer)<\/em><\/p>\n<hr \/>\n<p style=\"text-align: left;\">Is das schon Alles? &#8211; Nat\u00fcrlich nicht. Nach 8 kam 2 und etwas sp\u00e4ter dann 1. Und die 1 hat es in sich. Hinter dem unschuldigen Namen &#8222;Einzelweichendekoder&#8220; verbirgt sich ein wahres Monster aus dem tiefsten Kreis der H\u00f6lle (zeigte w\u00e4hrend der Entwicklung zu Weilen auch sehr stimmungsvolle Rauchentwicklung). Einen Dekoder den man nicht sieht, kaum im Geldbeutel sp\u00fcrt und der dennoch die Weichen in Richtung Zukunft stellt (oder in die andere Richtung, ganz wie man m\u00f6chte). Das ist auch der Grund warum wir ihn immer und immer wieder neu auflegen und weiterentwickeln.<\/p>\n<h2 style=\"text-align: left;\">Yes, we CAN!<\/h2>\n<p style=\"text-align: left;\">Der gr\u00f6\u00dfte Knaller still to come, ist aber doch wahrscheinlich das Spa\u00dfCAN-System. Es ist einfach f\u00fcr so unfassbar viele Wortspielerein gut, dass es fast egal ist, wie ausgereift die Technik im Hintergrund ist. Hier nur einige Beispiele: &#8222;Filmfestspiele von CAN&#8220;, &#8222;wer CAN, der kann&#8220;, &#8222;PeliCAN&#8220;, &#8222;CANdalf der Graue&#8220; usw.<\/p>\n<p style=\"text-align: left;\">Das gr\u00f6\u00dfte Brett ist allerdings die Tatsache, dass das System (widererwartend) funktioniert. und zwar nichtnur so lala, sondern richtig gut.<\/p>\n<h2 style=\"text-align: left;\">Also, wer sind wir?<\/h2>\n<p style=\"text-align: left;\">Enthusiasten, Tr\u00e4umer, Freaks. (Und ich mag Schokolade)<\/p>\n","protected":false},"excerpt":{"rendered":"<p>Ha, jetzt hab ich euch! &#8211; Ihr erwartet hier jetzt bestimmt irgendwelche bedeutungsgeschw\u00e4ngerten Ausf\u00fchrungen zum Haftungsausschluss und verschiedene hilfreiche sowie gleichsam unterhaltsame Gesetzestexte. Aber Wozu? Um genau das zu schreiben, was Ihr sowieso schon wisst? Dass ich nichts f\u00fcr meine Links auf andere Seiten kann und das meine Dekoder alle frei erfunden sind und mit [&hellip;]<\/p>\n","protected":false},"author":1,"featured_media":0,"parent":0,"menu_order":0,"comment_status":"closed","ping_status":"closed","template":"","meta":{"jetpack_post_was_ever_published":false,"footnotes":""},"class_list":["post-146","page","type-page","status-publish","hentry"],"jetpack_sharing_enabled":true,"jetpack_shortlink":"https:\/\/wp.me\/P8oh8H-2m","_links":{"self":[{"href":"https:\/\/sbdekoder.de\/index.php?rest_route=\/wp\/v2\/pages\/146","targetHints":{"allow":["GET"]}}],"collection":[{"href":"https:\/\/sbdekoder.de\/index.php?rest_route=\/wp\/v2\/pages"}],"about":[{"href":"https:\/\/sbdekoder.de\/index.php?rest_route=\/wp\/v2\/types\/page"}],"author":[{"embeddable":true,"href":"https:\/\/sbdekoder.de\/index.php?rest_route=\/wp\/v2\/users\/1"}],"replies":[{"embeddable":true,"href":"https:\/\/sbdekoder.de\/index.php?rest_route=%2Fwp%2Fv2%2Fcomments&post=146"}],"version-history":[{"count":0,"href":"https:\/\/sbdekoder.de\/index.php?rest_route=\/wp\/v2\/pages\/146\/revisions"}],"wp:attachment":[{"href":"https:\/\/sbdekoder.de\/index.php?rest_route=%2Fwp%2Fv2%2Fmedia&parent=146"}],"curies":[{"name":"wp","href":"https:\/\/api.w.org\/{rel}","templated":true}]}}